lculate the greatest common divisor of 637 and h.
13
Suppose -377 = -9*u + 145. Let t = -51 + u. Calculate the highest common factor of 63 and t.
7
Let u be -1*(2 + (-3 - 4)). Calculate the greatest common factor of 1 and u.
1
Let r be 73 - -24 - (0 - -1). Calculate the highest common factor of 16 and r.
16
Let x = -885 + 607. Let c = -267 - x. Suppose 5*t + 69 = 2*m - 51, 2 = -t. Calculate the highest common divisor of m and c.
11
Suppose 88 = 2*n - 5*h - 65, 5*n + 3*h = 336. What is the highest common divisor of 299 and n?
23
Let l = 301 + -100. What is the highest common factor of 268 and l?
67
Let i be ((-1656)/252)/(4/(-42)). What is the highest common factor of i and 414?
69
Suppose -7*j - 3*j = 1060. Let t = 146 + j. Calculate the greatest common divisor of 8 and t.
8
Let b = 48 + -43. Suppose 4*g + 171 = b*d, g - 6*g = 20. Calculate the highest common divisor of d and 279.
31
Let s be -3 - 49/(-6) - (-25)/30. Let i = 26 + -17. Calculate the highest common divisor of s and i.
3
Suppose 28 = 2*z - 0*z. Suppose 4*n - z = -6. Suppose n*u - 15 = u. What is the highest common divisor of 5 and u?
5
Suppose 3*j = 5*g + 95, j + 5*g - 105 = -j. Calculate the highest common divisor of j and 10.
10
Let x be ((-9)/18)/(3/(-378)). What is the highest common divisor of 63 and x?
63
Let y(i) = i + 8 + 18 - 12. Let b be y(3). Let u = 24 + -7. What is the greatest common factor of u and b?
17
Suppose -5*r + 5*a - 3*a = -4, -4 = r - 2*a. What is the highest common factor of 22 and r?
2
Let z(i) = 3*i - 8. Let x be z(8). Let s(h) = -3*h**2 + 94*h - 7. Let c be s(31). What is the greatest common divisor of x and c?
8
Let j = 38 + -17. Suppose 5*z + 2 = 3*z, 4*t = -2*z - 22. Let v = 8 + t. Calculate the highest common divisor of v and j.
3
Let x = 2045 + -2001. Calculate the highest common divisor of x and 64.
4
Suppose -5*d - g - 3*g = -169, 4*d - 4*g = 128. Calculate the highest common factor of 121 and d.
11
Let t be (-5295)/(-10) + 3/6. What is the greatest common divisor of t and 20?
10
Suppose -14*a - 4*n - 910 = -19*a, 0 = -a - 4*n + 206. What is the highest common divisor of a and 62?
62
Let v(s) = 24*s - 24. Let i be v(2). What is the greatest common factor of 1416 and i?
24
Let o = 40 - 42. Suppose -5*s + 2*s + 5*b + 16 = 0, 3*b = s - 12. Let c be (s - -5) + (-42)/o. What is the greatest common divisor of c and 161?
23
Let t(u) = -10*u + 25. Let z be t(11). Let n = -52 - z. What is the greatest common divisor of n and 99?
33
Let i be (-3)/(9/(-12)) + -1. Suppose -3*a = -i*z - 8*a + 23, 5*z = -a + 75. What is the greatest common divisor of 2 and z?
2
Let m = 19 - 18. Let y be (-14)/6 - (-4)/(-6). Let g be 11 + m/(y/6). What is the highest common divisor of g and 27?
9
Let u(o) = 70*o + 4. Let z be u(2). Let i = 197 + z. What is the highest common factor of 31 and i?
31
Suppose 0 = 7*n - 0*n - 70. Suppose 5*c - n - 10 = 0. Suppose d + 294 = c*d. Calculate the greatest common factor of d and 14.
14
Let s(b) be the first derivative of -3/2*b**2 + 8 - 14*b. Let m be s(-10). What is the greatest common divisor of 8 and m?
8
Let k be (20/(-3))/(4/(-24)). Let z be 1/((-27)/360)*-3*1. What is the highest common factor of k and z?
40
Suppose -72 = -4*z - 4*w, 2*z - 14 = 3*w + 2. Suppose -b + d + 43 = 0, -b + 37*d = 32*d - 47. Calculate the greatest common factor of b and z.
14
Let x be (68/6)/(-6 + 385/63). What is the greatest common factor of 24 and x?
6
Let q = -280 + 352. Calculate the highest common divisor of 18 and q.
18
Suppose 0 = -2*k - 3*w + 31, 4*k - 28 = -w + 49. What is the highest common divisor of 52 and k?
4
Let a(p) = 6 + 6*p - 6*p**2 + p**2 + 6*p**2. Let c be a(-5). What is the highest common factor of 19 and c?
1
Let r(k) = 36*k + 36*k - 117*k + 38*k - 34. Let b be r(-9). Let g(i) = 5*i**2 + i - 4. Let t be g(-5). What is the highest common divisor of t and b?
29
Suppose 123*p - 137*p + 546 = 0. Calculate the highest common divisor of 12 and p.
3
Suppose -657 = -3*r - 3*p, 0*r + 2*p = 4*r - 852. Suppose -4*s + r = 23. What is the highest common factor of s and 32?
16
Let a be (3/4)/((492/22752)/41). Calculate the greatest common divisor of 79 and a.
79
Let g(a) = a**3 - 9*a**2 + 9*a - 3. Let j be g(8). Suppose j*t + 0*t - 2*l - 36 = 0, l = -t + 10. Let z = 29 - 9. What is the highest common factor of z and t?
4
Suppose 4575 = 5*r + 3*j, 29*r - 1830 = 27*r + 4*j. What is the greatest common divisor of r and 30?
15
Suppose 2*z + z - 39 = 0. Let s = z - 7. Calculate the highest common divisor of s and 48.
6
Suppose 3*w - 36 = -3*k, k - 4*w + 0*w = 22. Calculate the highest common divisor of 686 and k.
14
Let d(l) = -l**3 + 8*l**2 + 9*l. Let p be d(9). Suppose -3*b + 264 = -p*b. Suppose -18*o + 114 = -30. What is the highest common divisor of b and o?
8
Let x = 539 + -279. Suppose 4*o = -x + 1060. Let m be (-1*2)/(26/(-325)). What is the highest common divisor of m and o?
25
Let f = -106 + 150. Calculate the greatest common factor of 22 and f.
22
Let k(u) = 4*u**2 + 26*u + 6. Let w be k(-11). What is the greatest common divisor of 12 and w?
12
Let t be 0 + -2*(3 - 2). Let y be ((-36)/(-5))/(t/220). Let u be (4/(-3))/(16/y). Calculate the greatest common factor of 6 and u.
6
Let x be 36/5*(-16 - (-370)/20). Let j(f) = f**2 + 6*f. Let o be j(6). What is the highest common divisor of o and x?
18
Let u be 111 + -2*3/6. Suppose 48*d + 9*d = 570. What is the highest common divisor of d and u?
10
Let w be 444/10 - ((-48)/(-30))/4. What is the greatest common factor of 55 and w?
11
Suppose -3*a - 3*k + 5*k + 14 = 0, -2*a + 4*k + 4 = 0. What is the greatest common factor of 46 and a?
2
Let q = 18 - 35. Let r be 12/(-2 - -6) - q. Let h = -1 - -9. Calculate the highest common factor of r and h.
4
Let t = 48 - 45. Suppose h - 436 = -5*s, -281 = -t*s + 3*h - 5. What is the greatest common divisor of s and 11?
11
Suppose -5*u = -y - 0*y + 64, 5*y = -5*u + 380. Let l = -54 + y. What is the greatest common factor of l and 20?
20
Let k = -263 + 396. Let x = -56 - -7. Let i = k + x. What is the greatest common divisor of i and 12?
12
Suppose -5*w + 3*a = -46, 4*w - 40 = 31*a - 27*a. What is the highest common divisor of w and 776?
8
Let v(o) = -o + 147. Let b be v(55). Calculate the greatest common factor of 12 and b.
4
Suppose 20*l - 21*l = -78. Suppose 8*g - l = 5*g. Let y = 32 + -19. What is the highest common divisor of y and g?
13
Let f be (224/(-8))/((-2)/(-6)*-1). Calculate the highest common divisor of 609 and f.
21
Let l(z) = 11*z**2 + 49*z + 21. Let u(y) = -4*y**2 - 16*y - 7. Let w(s) = -3*l(s) - 8*u(s). Let d be w(-17). Calculate the greatest common divisor of 3 and d.
3
Let z = 19 + -3. Let f be (-15)/(-2)*z/12. Calculate the highest common factor of f and 20.
10
Let j be -3 + 0 - 12/(-4). Let d(m) = -m**2 + m + 13. Let l be d(j). Calculate the greatest common divisor of l and 13.
13
Let s(o) = -24*o + 313. Let i be s(12). What is the highest common factor of i and 800?
25
Suppose 0*g = -6*g - 168. Let y = g + 62. Let w = 8 + y. What is the greatest common factor of 6 and w?
6
Suppose 21 = 5*p + 3*v, -5*p + 18 = -3*p - 2*v. Suppose -m - r = -7, -m + p*r - 4*r + 13 = 0. Calculate the greatest common divisor of m and 63.
9
Suppose -9*f + 246 + 474 = 0. Let j(b) = b**2 - 2*b + 8. Let n be j(-4). Calculate the highest common factor of f and n.
16
Let z(m) = 4*m**3 - 2*m**2 - 3*m - 1. Let p be z(3). Suppose -3*a + 124 = 28. Calculate the greatest common factor of a and p.
16
Let q(i) = -18*i + 16. Let j be q(-3). Let k = 51 + -71. Let l = -10 - k. Calculate the highest common factor of l and j.
10
Let h(l) = l**2 - 5*l + 5. Let a be h(2). Let u be ((-21)/14)/(a/(-130)). Let t be 204/26 - 30/u. Calculate the highest common divisor of 4 and t.
4
Suppose 0 = -2*b - 2*p + 790, 6*b - 4*p = 2*b + 1588. Calculate the highest common factor of b and 108.
36
Let g(s) = -688*s + 4233. Let j be g(6). Let c be -27*-1*(4 + -1). Suppose 4*b - 5*k = 74, -33 + c = 2*b + 3*k. What is the highest common factor of b and j?
21
Let w be 2/5 + 253/5. Let g(t) = t**3 + 20*t**2 - 40*t + 60. Let s be g(-21). Calculate the greatest common divisor of w and s.
51
Let g be (92/(-8))/((-2)/4). What is the greatest common divisor of 23 and g?
23
Suppose -2*g = 2*g - 8. Let b be 